+ 13*k - 15, 5*r = -k + 9. What is the greatest common divisor of k and 50?
2
Let d = 32 + -24. Suppose -932 = -60*l - 388 + 1376. What is the highest common divisor of l and d?
8
Suppose -26 - 214 = -6*n. Let r = 132 - 32. What is the highest common divisor of r and n?
20
Let m = -153 + 158. Suppose -v - 8 = 3*v, -4*p = -m*v - 262. What is the highest common divisor of p and 21?
21
Let n be 1 - -1 - (-1242)/23. Let b be 10/(-45) + n/9. Suppose 0 = -3*o - 3*d + 18, 0 = -4*o + d - b*d + 22. Calculate the highest common factor of o and 24.
8
Suppose -271*y + 11066236 - 2173913 = 0. What is the highest common factor of y and 209?
209
Let u be (3 + -2*3)/((-17)/(-2669)). Let o = u + 484. Calculate the highest common factor of o and 598.
13
Suppose -10*l = -48*l + 26*l + 1488. Calculate the greatest common factor of 8 and l.
4
Let f(p) = p**2 - 64*p + 789. Let o be f(15). What is the highest common divisor of 342 and o?
18
Let u be (-477)/(-36) + -13 - 14/(-8). Suppose 0 = -u*r + 6*r - 4*a - 52, 5*r = -5*a + 75. Calculate the highest common divisor of 2 and r.
2
Let s(c) be the second derivative of -5*c**3/2 - 29*c**2/2 - 56*c. Let h be s(-10). What is the greatest common factor of 44 and h?
11
Suppose 34*c = 3842 - 1280 + 3422. What is the greatest common divisor of c and 2222?
22
Let t = -41 - -35. Let i be 6 + 4 + t + -2. Let b = -392 + 395. What is the greatest common divisor of b and i?
1
Let g be 106 - (1 - 3)/(-5 - -6). Let o = 167 + g. What is the highest common divisor of o and 11?
11
Let i(b) = b**2 - 10*b + 20. Let j be i(7). Let k = -28 - -68. Let m be (k/16)/((-2)/188*j). What is the highest common factor of 47 and m?
47
Let y = -5345 + 5513. What is the highest common factor of 10752 and y?
168
Let l = -97 + 83. Let g be (-4134)/(-1113) - (-1 + (-10)/l). What is the greatest common divisor of g and 68?
4
Let g be 2/(-14) - 3562/(-91). Let m = 90 - 38. Calculate the highest common factor of g and m.
13
Suppose 11*n = -1145 - 274. Let c = -125 - n. Calculate the highest common divisor of 8 and c.
4
Let k = -10405 + 10977. What is the highest common factor of 104 and k?
52
Let c = 179 - 174. Suppose -2 = -5*b + 8. Suppose 104 = 4*y - 3*r - r, 127 = c*y - b*r. What is the greatest common factor of y and 75?
25
Suppose 0 = 2*z - 4*z + 32. Let f = 14198 + -14194. What is the greatest common divisor of z and f?
4
Let u = -8277 - -8771. Calculate the greatest common factor of 130 and u.
26
Let y be (3/(-1))/(22/((-5117376)/72)). What is the highest common factor of y and 8?
4
Let u(r) = r**2 - r + 4. Let z be u(3). Suppose -36*c + 37*c = 14. Let n be 3/(90/3297) + c/140. Calculate the highest common divisor of n and z.
10
Let k(q) = 21*q**2 + 124*q + 115. Let p be k(-6). Calculate the highest common factor of p and 11.
1
Suppose 0*b + 2 = b. Suppose 31 = v + 3*l, -b = -l - l. Suppose -u + s = -86, 80 = u - 23*s + 25*s. What is the highest common divisor of v and u?
28
Let q(d) = -d**2 + 34*d - 185. Let p be q(26). What is the greatest common divisor of 3151 and p?
23
Suppose -5*b = 7 - 2, -82 = -3*g - 5*b. Suppose -2454*l + 2432*l = -2552. What is the highest common divisor of l and g?
29
Let i = -49 - -68. Suppose 2*n = -4*t - 2*n + 160, 0 = 5*t - n - 206. Suppose t + i = 3*s. Calculate the greatest common factor of s and 5.
5
Suppose -85 = -3*z + 2*z - w, 2*w + 8 = 0. Let a = z + -86. Suppose a*v - 624 = -3*v. Calculate the highest common factor of v and 13.
13
Let z(o) = -o**2 - o + 4. Let k be z(0). Suppose 1405 = 325*y + 105. What is the highest common factor of y and k?
4
Let o = 49 - 44. Suppose s + 2 = -4*w, 0*s - o*s + 32 = -w. Suppose -28 - s = -2*c. Calculate the greatest common factor of 68 and c.
17
Let g = -188 + 238. Let s be ((-380)/g)/((-3)/90). Calculate the highest common factor of 24 and s.
12
Let x = 4592 - 4480. What is the greatest common divisor of x and 1106?
14
Let i = 3 - -7. Suppose -5*u = 3*z - 91, 2*u - 37 = -i*z + 9*z. Suppose -u*p + 8*p + 252 = 0. Calculate the highest common factor of 6 and p.
3
Let b(c) be the third derivative of c**4/24 + 41*c**3/6 - 15*c**2. Let y be b(-5). Let d = 178 - 94. Calculate the greatest common divisor of d and y.
12
Let o(t) = t**3 + 7*t**2 + t + 72. Let b be o(-7). What is the greatest common factor of b and 247?
13
Suppose 3*c = 2*k + 716, 196*c + 5*k + 459 = 198*c. What is the highest common factor of c and 77?
11
Suppose 591 = 3*w - 3*i, -5*w - 5*i + 985 = -7*i. Suppose -2*a = -a + 107. Let j = a + w. What is the highest common divisor of j and 36?
18
Let s = -3236 - -3260. Calculate the greatest common factor of s and 3684.
12
Let j(x) = x**3 + 9*x**2 - 10*x - 13. Let y be j(-9). Suppose 85 = 3*l + 5*b, -109*l + 50 = -107*l + 5*b. Calculate the greatest common divisor of l and y.
7
Let i = -27 + 75. Suppose 3*n + t - i = 0, -5*n - 4*t + 32 = -3*n. Calculate the highest common divisor of 272 and n.
16
Suppose 2*s = -4*d - 1020, -s + 25*d = 29*d + 514. Let g = s - -662. What is the highest common factor of g and 24?
12
Suppose 0 = -11*x + 6*x - 30, 3*x = 3*p - 186. What is the greatest common factor of 2366 and p?
14
Let f = 130 + -130. Let n = f - -1. Let z be (-2)/(-5)*n - (-1561)/35. What is the greatest common divisor of 5 and z?
5
Suppose -5*o - 19 + 69 = 0. Suppose y + o = 6*y. Suppose 15 + 11 = y*i. Calculate the greatest common divisor of 52 and i.
13
Let l = -15291 + 15415. Calculate the highest common factor of 682 and l.
62
Suppose -214 = -2*b - 100*w + 98*w, 0 = -4*b + 4*w + 380. What is the highest common divisor of 3737 and b?
101
Suppose -4*f = -2*w - 75 - 63, 5*f - 135 = -5*w. Let u = -22 + f. What is the highest common divisor of 10 and u?
10
Let t be 57/19 - (2 - 1 - 250). Suppose m = c - 277, c - 2*m = 26 + t. Calculate the greatest common divisor of 12 and c.
12
Let i be (186/24)/(2/16). Let y be (4/10)/(3/(-270)). Let n = i + y. What is the highest common factor of n and 78?
26
Suppose 485*r - 529*r + 836 = 0. What is the highest common factor of r and 7562?
19
Suppose -23*j + 665 = -5*j + j. Calculate the highest common factor of 80 and j.
5
Let j = 2255 + -2253. Calculate the highest common factor of 90 and j.
2
Suppose j + 73 - 271 = -2*s, -4*j = -3*s - 792. Calculate the greatest common divisor of j and 477.
9
Suppose -5*c - 86*d = -81*d - 2805, 0 = -4*c - 7*d + 2262. What is the greatest common divisor of 333 and c?
111
Let f(h) = -776*h**3 - 7*h**2 - 13*h - 12. Let x be f(-2). What is the greatest common divisor of 38 and x?
38
Let x = 83 + -79. Suppose 74 = 2*p + b, -4*p + 7*b - x*b = -128. Calculate the highest common divisor of 525 and p.
35
Let x(y) be the third derivative of -y**4/6 + 77*y**3/6 - 27*y**2 + y. Let p be x(12). What is the greatest common divisor of p and 319?
29
Let k(j) = 3*j**2 + 117*j + 280. Let w be k(-47). What is the greatest common factor of 473 and w?
11
Suppose 0 = 4*s + 5*k - 30653, -3*s + k + 27091 - 4087 = 0. What is the highest common factor of 22 and s?
11
Suppose -2*z - z = -6. Suppose 32*w - 50*w = -90. Suppose 2*r - z*u - 8 = 10, 5*r + 5*u = w. Calculate the highest common divisor of 1 and r.
1
Suppose -4*c + 1283 = b, -2*c + 4*b - 77 = -705. Let m = -232 + c. What is the highest common divisor of m and 110?
22
Suppose -201 = -p + 4*f, 6*f = -5*p + f + 930. Suppose 29 - 353 = -18*w. What is the greatest common divisor of w and p?
9
Let u be (30/24 - 1)/((-1)/(-764)). Suppose -72*s - 74 = -2*m - 70*s, 5*m - 3*s = u. Calculate the highest common factor of 50 and m.
10
Let q = 580 + -368. Suppose 0 = m + 4, -84 = 2*z + 4*m + q. Let c = z + 205. Calculate the greatest common factor of 26 and c.
13
Suppose -5*o + 3*l = -1079, 14*o - 13*o = 2*l + 220. Calculate the highest common divisor of 3 and o.
1
Let r(s) = s**2 - 15*s - 32. Let c be r(17). Let a be (-3 - -4)*(-13 - 2). Let q = a + 31. Calculate the highest common factor of q and c.
2
Let h be (-1)/(44/13908) + 7/77. Let l = 537 + h. Calculate the greatest common divisor of 17 and l.
17
Let x = -26281 - -26362. Calculate the highest common factor of x and 207.
9
Suppose -3*g + 9852 = l, -12412 = -3*g - 4*l - 2578. Calculate the highest common divisor of 186 and g.
62
Let m = 56 - -89. Let z = 24 + -24. Suppose t - 2*t + 58 = z. What is the highest common divis